{"id":99,"date":"2025-09-01T18:47:18","date_gmt":"2025-09-01T16:47:18","guid":{"rendered":"https:\/\/majap.dominikgagorowski.pl\/?page_id=99"},"modified":"2025-09-11T17:34:42","modified_gmt":"2025-09-11T15:34:42","slug":"strona-glowna-cwiczenia","status":"publish","type":"page","link":"https:\/\/majap.dominikgagorowski.pl\/","title":{"rendered":"G\u0141\u00d3WNA"},"content":{"rendered":"\t\t<div data-elementor-type=\"wp-page\" data-elementor-id=\"99\" class=\"elementor elementor-99\" data-elementor-post-type=\"page\">\n\t\t\t\t<div data-particle_enable=\"false\" data-particle-mobile-disabled=\"false\" class=\"elementor-element elementor-element-896e30c e-con-full e-flex e-con e-parent\" data-id=\"896e30c\" data-element_type=\"container\" data-settings=\"{&quot;background_background&quot;:&quot;classic&quot;}\">\n\t\t\t\t<div class=\"elementor-element elementor-element-a1f645a elementor-widget elementor-widget-spacer\" data-id=\"a1f645a\" data-element_type=\"widget\" data-widget_type=\"spacer.default\">\n\t\t\t\t\t\t\t<div class=\"elementor-spacer\">\n\t\t\t<div class=\"elementor-spacer-inner\"><\/div>\n\t\t<\/div>\n\t\t\t\t\t\t<\/div>\n\t\t\t\t<\/div>\n\t\t<div data-particle_enable=\"false\" data-particle-mobile-disabled=\"false\" class=\"elementor-element elementor-element-108c53a e-flex e-con-boxed e-con e-parent\" data-id=\"108c53a\" data-element_type=\"container\">\n\t\t\t\t\t<div class=\"e-con-inner\">\n\t\t\t\t<div class=\"elementor-element elementor-element-a5cb3e9 elementor-widget elementor-widget-image\" data-id=\"a5cb3e9\" data-element_type=\"widget\" data-widget_type=\"image.default\">\n\t\t\t\t\t\t\t\t\t\t\t\t\t\t\t<img decoding=\"async\" width=\"150\" height=\"150\" src=\"https:\/\/majap.dominikgagorowski.pl\/wp-content\/uploads\/2025\/08\/cropped-xcropped-rozmiar-pierwotny-Kopia-nowe-logo-1.png.pagespeed.ic_.aZfbpXg4uy-150x150.png\" class=\"attachment-thumbnail size-thumbnail wp-image-37\" alt=\"\" srcset=\"https:\/\/majap.dominikgagorowski.pl\/wp-content\/uploads\/2025\/08\/cropped-xcropped-rozmiar-pierwotny-Kopia-nowe-logo-1.png.pagespeed.ic_.aZfbpXg4uy-150x150.png 150w, https:\/\/majap.dominikgagorowski.pl\/wp-content\/uploads\/2025\/08\/cropped-xcropped-rozmiar-pierwotny-Kopia-nowe-logo-1.png.pagespeed.ic_.aZfbpXg4uy-300x300.png 300w, https:\/\/majap.dominikgagorowski.pl\/wp-content\/uploads\/2025\/08\/cropped-xcropped-rozmiar-pierwotny-Kopia-nowe-logo-1.png.pagespeed.ic_.aZfbpXg4uy.png 512w\" sizes=\"(max-width: 150px) 100vw, 150px\" \/>\t\t\t\t\t\t\t\t\t\t\t\t\t\t\t<\/div>\n\t\t\t\t\t<\/div>\n\t\t\t\t<\/div>\n\t\t<div data-particle_enable=\"false\" data-particle-mobile-disabled=\"false\" class=\"elementor-element elementor-element-f86b336 e-con-full e-flex e-con e-parent\" data-id=\"f86b336\" data-element_type=\"container\">\n\t\t\t\t<div class=\"elementor-element elementor-element-c8f1937 elementor-icon-list--layout-inline elementor-align-center elementor-list-item-link-full_width elementor-widget elementor-widget-icon-list\" data-id=\"c8f1937\" data-element_type=\"widget\" data-widget_type=\"icon-list.default\">\n\t\t\t\t\t\t\t<ul class=\"elementor-icon-list-items elementor-inline-items\">\n\t\t\t\t\t\t\t<li class=\"elementor-icon-list-item elementor-inline-item\">\n\t\t\t\t\t\t\t\t\t\t\t<span class=\"elementor-icon-list-icon\">\n\t\t\t\t\t\t\t<svg aria-hidden=\"true\" class=\"e-font-icon-svg e-fas-chevron-right\" viewBox=\"0 0 320 512\" xmlns=\"http:\/\/www.w3.org\/2000\/svg\"><path d=\"M285.476 272.971L91.132 467.314c-9.373 9.373-24.569 9.373-33.941 0l-22.667-22.667c-9.357-9.357-9.375-24.522-.04-33.901L188.505 256 34.484 101.255c-9.335-9.379-9.317-24.544.04-33.901l22.667-22.667c9.373-9.373 24.569-9.373 33.941 0L285.475 239.03c9.373 9.372 9.373 24.568.001 33.941z\"><\/path><\/svg>\t\t\t\t\t\t<\/span>\n\t\t\t\t\t\t\t\t\t\t<span class=\"elementor-icon-list-text\">POMPY CIEP\u0141A<\/span>\n\t\t\t\t\t\t\t\t\t<\/li>\n\t\t\t\t\t\t\t\t<li class=\"elementor-icon-list-item elementor-inline-item\">\n\t\t\t\t\t\t\t\t\t\t\t<span class=\"elementor-icon-list-icon\">\n\t\t\t\t\t\t\t<svg aria-hidden=\"true\" class=\"e-font-icon-svg e-fas-chevron-right\" viewBox=\"0 0 320 512\" xmlns=\"http:\/\/www.w3.org\/2000\/svg\"><path d=\"M285.476 272.971L91.132 467.314c-9.373 9.373-24.569 9.373-33.941 0l-22.667-22.667c-9.357-9.357-9.375-24.522-.04-33.901L188.505 256 34.484 101.255c-9.335-9.379-9.317-24.544.04-33.901l22.667-22.667c9.373-9.373 24.569-9.373 33.941 0L285.475 239.03c9.373 9.372 9.373 24.568.001 33.941z\"><\/path><\/svg>\t\t\t\t\t\t<\/span>\n\t\t\t\t\t\t\t\t\t\t<span class=\"elementor-icon-list-text\">SYSTEMY OGRZEWANIA<\/span>\n\t\t\t\t\t\t\t\t\t<\/li>\n\t\t\t\t\t\t\t\t<li class=\"elementor-icon-list-item elementor-inline-item\">\n\t\t\t\t\t\t\t\t\t\t\t<span class=\"elementor-icon-list-icon\">\n\t\t\t\t\t\t\t<svg aria-hidden=\"true\" class=\"e-font-icon-svg e-fas-chevron-right\" viewBox=\"0 0 320 512\" xmlns=\"http:\/\/www.w3.org\/2000\/svg\"><path d=\"M285.476 272.971L91.132 467.314c-9.373 9.373-24.569 9.373-33.941 0l-22.667-22.667c-9.357-9.357-9.375-24.522-.04-33.901L188.505 256 34.484 101.255c-9.335-9.379-9.317-24.544.04-33.901l22.667-22.667c9.373-9.373 24.569-9.373 33.941 0L285.475 239.03c9.373 9.372 9.373 24.568.001 33.941z\"><\/path><\/svg>\t\t\t\t\t\t<\/span>\n\t\t\t\t\t\t\t\t\t\t<span class=\"elementor-icon-list-text\">KLIMATYZACJA<\/span>\n\t\t\t\t\t\t\t\t\t<\/li>\n\t\t\t\t\t\t<\/ul>\n\t\t\t\t\t\t<\/div>\n\t\t\t\t<\/div>\n\t\t<div data-particle_enable=\"false\" data-particle-mobile-disabled=\"false\" class=\"elementor-element elementor-element-04db1cf e-con-full e-flex e-con e-parent\" data-id=\"04db1cf\" data-element_type=\"container\">\n\t\t\t\t<div class=\"elementor-element elementor-element-0393b24 elementor-align-center elementor-widget elementor-widget-button\" data-id=\"0393b24\" data-element_type=\"widget\" data-widget_type=\"button.default\">\n\t\t\t\t\t\t\t\t\t\t<a class=\"elementor-button elementor-button-link elementor-size-sm elementor-animation-grow\" href=\"#\">\n\t\t\t\t\t\t<span class=\"elementor-button-content-wrapper\">\n\t\t\t\t\t\t\t\t\t<span class=\"elementor-button-text\">POZNAJ NASZ\u0104 OFERT\u0118<\/span>\n\t\t\t\t\t<\/span>\n\t\t\t\t\t<\/a>\n\t\t\t\t\t\t\t\t<\/div>\n\t\t\t\t<\/div>\n\t\t<div data-particle_enable=\"false\" data-particle-mobile-disabled=\"false\" class=\"elementor-element elementor-element-fb6aa5e e-con-full e-flex e-con e-parent\" data-id=\"fb6aa5e\" data-element_type=\"container\">\n\t\t<div data-particle_enable=\"false\" data-particle-mobile-disabled=\"false\" class=\"elementor-element elementor-element-96957c6 e-con-full e-flex e-con e-child\" data-id=\"96957c6\" data-element_type=\"container\">\n\t\t\t\t<div class=\"elementor-element elementor-element-886b645 elementor-widget elementor-widget-heading\" data-id=\"886b645\" data-element_type=\"widget\" data-widget_type=\"heading.default\">\n\t\t\t\t\t<h2 class=\"elementor-heading-title elementor-size-default\">O FIRMIE<\/h2>\t\t\t\t<\/div>\n\t\t\t\t<div class=\"elementor-element elementor-element-988eab1 elementor-widget elementor-widget-text-editor\" data-id=\"988eab1\" data-element_type=\"widget\" data-widget_type=\"text-editor.default\">\n\t\t\t\t\t\t\t\t\t<p>Firma nasza specjalizuje si\u0119 w nowoczesnych rozwi\u0105zaniach s\u0142u\u017c\u0105cych ogrzewaniu i klimatyzacji budynk\u00f3w mieszkalnych i komercyjnych.<\/p><p>Kieruj\u0105cy firm\u0105 in\u017c. S\u0142awomir Kondej posiada kilkudziesi\u0119cioletnie do\u015bwiadczenie w monta\u017cu oraz serwisie urz\u0105dze\u0144 grzewczych i ch\u0142odniczych. Posiadamy zesp\u00f3\u0142 kompetentnych i do\u015bwiadczonych wsp\u00f3\u0142pracownik\u00f3w. Dok\u0142adamy stara\u0144 aby nasze rozwi\u0105zania i instalacje spe\u0142nia\u0142y najwy\u017csze standardy jako\u015bci i nowoczesno\u015bci.<\/p><p>Mamy \u015bwiadomo\u015b\u0107 nast\u0119puj\u0105cych zmian klimatycznych, wp\u0142ywu sposobu ogrzewania na \u015brodowisko naturalne, mamy te\u017c \u015bwiadomo\u015b\u0107 naszej odpowiedzialno\u015bci za pokolenia naszych dzieci i wnuk\u00f3w. Dlatego oferuj\u0105c nasze urz\u0105dzenia dok\u0142adamy stara\u0144 aby nasze urz\u0105dzenia spe\u0142nia\u0142y najwy\u017csze standardy jako\u015bci, by\u0142y przyjazne dla kieszeni klient\u00f3w i oraz dla naturalnego \u015brodowiska.<\/p>\t\t\t\t\t\t\t\t<\/div>\n\t\t<div data-particle_enable=\"false\" data-particle-mobile-disabled=\"false\" class=\"elementor-element elementor-element-e2429c3 e-con-full e-flex e-con e-child\" data-id=\"e2429c3\" data-element_type=\"container\" data-settings=\"{&quot;background_background&quot;:&quot;classic&quot;}\">\n\t\t\t\t<div class=\"elementor-element elementor-element-ce32fbf elementor-widget elementor-widget-heading\" data-id=\"ce32fbf\" data-element_type=\"widget\" data-widget_type=\"heading.default\">\n\t\t\t\t\t<h2 class=\"elementor-heading-title elementor-size-default\">ZAPRASZAMY DO KONTAKTU<\/h2>\t\t\t\t<\/div>\n\t\t<div data-particle_enable=\"false\" data-particle-mobile-disabled=\"false\" class=\"elementor-element elementor-element-93e042f e-con-full e-flex e-con e-child\" data-id=\"93e042f\" data-element_type=\"container\">\n\t\t<div data-particle_enable=\"false\" data-particle-mobile-disabled=\"false\" class=\"elementor-element elementor-element-778246a e-grid e-con-full e-con e-child\" data-id=\"778246a\" data-element_type=\"container\">\n\t\t\t\t<div class=\"elementor-element elementor-element-01f7b48 elementor-align-right elementor-widget__width-inherit elementor-widget elementor-widget-button\" data-id=\"01f7b48\" data-element_type=\"widget\" data-widget_type=\"button.default\">\n\t\t\t\t\t\t\t\t\t\t<a class=\"elementor-button elementor-button-link elementor-size-sm elementor-animation-grow\" href=\"#\">\n\t\t\t\t\t\t<span class=\"elementor-button-content-wrapper\">\n\t\t\t\t\t\t\t\t\t<span class=\"elementor-button-text\">+48 606 311 300<\/span>\n\t\t\t\t\t<\/span>\n\t\t\t\t\t<\/a>\n\t\t\t\t\t\t\t\t<\/div>\n\t\t\t\t<div class=\"elementor-element elementor-element-df8a061 elementor-align-right elementor-widget__width-inherit elementor-widget elementor-widget-button\" data-id=\"df8a061\" data-element_type=\"widget\" data-widget_type=\"button.default\">\n\t\t\t\t\t\t\t\t\t\t<a class=\"elementor-button elementor-button-link elementor-size-sm elementor-animation-grow\" href=\"#\">\n\t\t\t\t\t\t<span class=\"elementor-button-content-wrapper\">\n\t\t\t\t\t\t\t\t\t<span class=\"elementor-button-text\">+48 606 311 300<\/span>\n\t\t\t\t\t<\/span>\n\t\t\t\t\t<\/a>\n\t\t\t\t\t\t\t\t<\/div>\n\t\t\t\t<\/div>\n\t\t\t\t<\/div>\n\t\t\t\t<\/div>\n\t\t\t\t<\/div>\n\t\t<div data-particle_enable=\"false\" data-particle-mobile-disabled=\"false\" class=\"elementor-element elementor-element-c0c233a e-con-full e-flex e-con e-child\" data-id=\"c0c233a\" data-element_type=\"container\">\n\t\t\t\t<div class=\"elementor-element elementor-element-f01a5ac elementor-widget elementor-widget-image\" data-id=\"f01a5ac\" data-element_type=\"widget\" data-widget_type=\"image.default\">\n\t\t\t\t\t\t\t\t\t\t\t\t\t\t\t<img fetchpriority=\"high\" decoding=\"async\" width=\"612\" height=\"408\" src=\"https:\/\/majap.dominikgagorowski.pl\/wp-content\/uploads\/2025\/09\/istockphoto-1173089563-612x612-1.jpg\" class=\"attachment-large size-large wp-image-147\" alt=\"\" srcset=\"https:\/\/majap.dominikgagorowski.pl\/wp-content\/uploads\/2025\/09\/istockphoto-1173089563-612x612-1.jpg 612w, https:\/\/majap.dominikgagorowski.pl\/wp-content\/uploads\/2025\/09\/istockphoto-1173089563-612x612-1-300x200.jpg 300w\" sizes=\"(max-width: 612px) 100vw, 612px\" \/>\t\t\t\t\t\t\t\t\t\t\t\t\t\t\t<\/div>\n\t\t\t\t<\/div>\n\t\t\t\t<\/div>\n\t\t<div data-particle_enable=\"false\" data-particle-mobile-disabled=\"false\" class=\"elementor-element elementor-element-c83a96e e-flex e-con-boxed e-con e-parent\" data-id=\"c83a96e\" data-element_type=\"container\">\n\t\t\t\t\t<div class=\"e-con-inner\">\n\t\t<div data-particle_enable=\"false\" data-particle-mobile-disabled=\"false\" class=\"elementor-element elementor-element-3af06c3 e-grid e-con-full e-con e-child\" data-id=\"3af06c3\" data-element_type=\"container\">\n\t\t\t\t<\/div>\n\t\t\t\t\t<\/div>\n\t\t\t\t<\/div>\n\t\t\t\t<\/div>\n\t\t","protected":false},"excerpt":{"rendered":"<p>POMPY CIEP\u0141A SYSTEMY OGRZEWANIA KLIMATYZACJA POZNAJ NASZ\u0104 OFERT\u0118 O FIRMIE Firma nasza specjalizuje si\u0119 w nowoczesnych rozwi\u0105zaniach s\u0142u\u017c\u0105cych ogrzewaniu i [&hellip;]<\/p>\n","protected":false},"author":1,"featured_media":0,"parent":0,"menu_order":0,"comment_status":"closed","ping_status":"closed","template":"","meta":{"site-sidebar-layout":"no-sidebar","site-content-layout":"","ast-site-content-layout":"full-width-container","site-content-style":"default","site-sidebar-style":"default","ast-global-header-display":"","ast-banner-title-visibility":"","ast-main-header-display":"","ast-hfb-above-header-display":"","ast-hfb-below-header-display":"","ast-hfb-mobile-header-display":"","site-post-title":"","ast-breadcrumbs-content":"","ast-featured-img":"disabled","footer-sml-layout":"","theme-transparent-header-meta":"","adv-header-id-meta":"","stick-header-meta":"","header-above-stick-meta":"","header-main-stick-meta":"","header-below-stick-meta":"","astra-migrate-meta-layouts":"default","ast-page-background-enabled":"default","ast-page-background-meta":{"desktop":{"background-color":"var(--ast-global-color-5)","background-image":"","background-repeat":"repeat","background-position":"center center","background-size":"auto","background-attachment":"scroll","background-type":"","background-media":"","overlay-type":"","overlay-color":"","overlay-opacity":"","overlay-gradient":""},"tablet":{"background-color":"","background-image":"","background-repeat":"repeat","background-position":"center center","background-size":"auto","background-attachment":"scroll","background-type":"","background-media":"","overlay-type":"","overlay-color":"","overlay-opacity":"","overlay-gradient":""},"mobile":{"background-color":"","background-image":"","background-repeat":"repeat","background-position":"center center","background-size":"auto","background-attachment":"scroll","background-type":"","background-media":"","overlay-type":"","overlay-color":"","overlay-opacity":"","overlay-gradient":""}},"ast-content-background-meta":{"desktop":{"background-color":"var(--ast-global-color-4)","background-image":"","background-repeat":"repeat","background-position":"center center","background-size":"auto","background-attachment":"scroll","background-type":"","background-media":"","overlay-type":"","overlay-color":"","overlay-opacity":"","overlay-gradient":""},"tablet":{"background-color":"var(--ast-global-color-4)","background-image":"","background-repeat":"repeat","background-position":"center center","background-size":"auto","background-attachment":"scroll","background-type":"","background-media":"","overlay-type":"","overlay-color":"","overlay-opacity":"","overlay-gradient":""},"mobile":{"background-color":"var(--ast-global-color-4)","background-image":"","background-repeat":"repeat","background-position":"center center","background-size":"auto","background-attachment":"scroll","background-type":"","background-media":"","overlay-type":"","overlay-color":"","overlay-opacity":"","overlay-gradient":""}},"footnotes":""},"class_list":["post-99","page","type-page","status-publish","hentry"],"_links":{"self":[{"href":"https:\/\/majap.dominikgagorowski.pl\/index.php?rest_route=\/wp\/v2\/pages\/99","targetHints":{"allow":["GET"]}}],"collection":[{"href":"https:\/\/majap.dominikgagorowski.pl\/index.php?rest_route=\/wp\/v2\/pages"}],"about":[{"href":"https:\/\/majap.dominikgagorowski.pl\/index.php?rest_route=\/wp\/v2\/types\/page"}],"author":[{"embeddable":true,"href":"https:\/\/majap.dominikgagorowski.pl\/index.php?rest_route=\/wp\/v2\/users\/1"}],"replies":[{"embeddable":true,"href":"https:\/\/majap.dominikgagorowski.pl\/index.php?rest_route=%2Fwp%2Fv2%2Fcomments&post=99"}],"version-history":[{"count":11,"href":"https:\/\/majap.dominikgagorowski.pl\/index.php?rest_route=\/wp\/v2\/pages\/99\/revisions"}],"predecessor-version":[{"id":158,"href":"https:\/\/majap.dominikgagorowski.pl\/index.php?rest_route=\/wp\/v2\/pages\/99\/revisions\/158"}],"wp:attachment":[{"href":"https:\/\/majap.dominikgagorowski.pl\/index.php?rest_route=%2Fwp%2Fv2%2Fmedia&parent=99"}],"curies":[{"name":"wp","href":"https:\/\/api.w.org\/{rel}","templated":true}]}}